me number?
True
Suppose 4*o - 10 = -2, 0 = -5*z + 2*o - 9. Let p be 28/(-35)*(z + 6). Is 293/(p - -1 - -4) a composite number?
False
Is 86957/(4/14 + (-4)/14 - -1) a composite number?
True
Suppose 4*c + 4 = -2*x, -4*c - 5*x - 3 = -c. Let g be 16*(-5 + (-1)/c). Is 3 - (g - (5 + -1)) a prime number?
True
Let y(r) = r**3 - 13*r**2 - 79*r + 3. Let w be (9 - 156/8)*(-12)/7. Is y(w) a composite number?
True
Suppose 0 = -9*q - 8*q + 239139. Suppose -2*o = -5*o + q. Suppose 8*m + o = 11*m. Is m prime?
False
Let h(c) = 3*c + 4. Let o be h(-2). Let r be (o/4)/((-2)/(-632)*-2). Let s = r - 53. Is s a composite number?
True
Let v(d) = d**3 - 14*d**2 + 13*d - 4. Suppose -16*l + 156 = -4*l. Let n be v(l). Is (-4 - n*164) + -3 prime?
False
Suppose 0 = -3*g + 260 + 10. Let i = g - 88. Is 2 + 2 - (-1517 - (i + -6)) a prime number?
False
Let d = -31 - -40. Let a = -6 + d. Suppose a*r - 425 = 1054. Is r prime?
False
Let p be (-95)/38*(-4)/(-5). Let s(a) = -1660*a - 7. Is s(p) a prime number?
True
Let l(j) = 30*j**2 + 95*j - 17. Let n be l(-40). Suppose 36*f - n = 13*f. Is f a prime number?
False
Suppose -77*y + 217*y - 85*y - 555445 = 0. Is y a prime number?
True
Suppose 3*d - 2825 = 733. Suppose 1593 = 55*j - 54*j + 4*a, -3*a + 4779 = 3*j. Let r = d + j. Is r prime?
False
Let y = -113 - -109. Let x be (2 - (-11)/y) + (-55)/(-20). Suppose x*a + 8594 = 4*j + a, 4*j - 8592 = 2*a. Is j a composite number?
True
Suppose -40*m - 3*m + 1797949 + 5263554 = 0. Is m a prime number?
False
Let z(n) = -2*n**2 + 9*n + 25. Let t be z(-10). Let y = t - -176. Let x = 140 + y. Is x a prime number?
False
Suppose 0 = 279*l + 15146023 - 63002056. Is l a composite number?
True
Let l(y) = -10*y - 12. Let u be l(0). Is 1691/(-3 + (-8 - u)) prime?
False
Let r(f) = -72*f + 13. Suppose h - 2 = 5. Let m be r(h). Let d = 2054 + m. Is d a prime number?
False
Suppose -1321573 = -25*s + 1773102. Is s composite?
False
Is ((-7)/42)/(1*1/(-127614)) a composite number?
False
Suppose 0 = 11*s - 8*s - 105. Let n be 60/(-14) - (130/s + -4). Let q(d) = -175*d - 17. Is q(n) prime?
True
Let h = 52453 - 74547. Let c = h - -37437. Is c a composite number?
True
Let m = -22482 + 44323. Suppose 25641 = 2*w - m. Is w composite?
False
Let p(w) = -w**3 - 2*w**2 + 3*w. Let v be p(-4). Let c = 20 - v. Let k = c - -77. Is k a prime number?
False
Let v be 172/6 - (-12)/(-18). Let k = -24 + v. Is (-1692 - 1)/(3 - (0 + k)) prime?
True
Let i(m) = -288*m + 3781. Is i(-29) composite?
True
Let j be (-6245)/(-10) + 2 + 5/10. Suppose -6628 = j*q - 631*q. Is q composite?
False
Suppose -1 + 25 = 8*p. Suppose -p*g + 7252 = 4*g. Let o = 1529 - g. Is o a prime number?
False
Let m(c) = -c**3 + 2*c**2 - c - 8. Let y be m(6). Suppose -48 = 4*n + 12. Let l = n - y. Is l composite?
True
Suppose -2*v - 492 = -2674. Suppose -5*o = -v - 5199. Suppose -3*h + o = -665. Is h prime?
True
Let y(x) = 4*x - 30. Let u(b) = -3*b + 29. Let p(m) = -3*u(m) - 2*y(m). Let w be p(6). Is 3/w - 19856/(-28) a composite number?
False
Suppose z = -19*m + 21*m - 169066, 2*m + z - 169066 = 0. Is m a composite number?
False
Let r = -63 - -41. Let q = -17 - r. Suppose 0*s - 2465 = -q*s. Is s prime?
False
Let c be 40/8*((-48528)/(-15))/3. Suppose 2*a = -2*a + 14460. Let p = c - a. Is p a prime number?
True
Let c(k) = 20*k**2 + 18*k + 11. Let h = 109 + -119. Is c(h) composite?
False
Suppose -136*f - 15141275 + 253788597 - 41868650 = 0. Is f a composite number?
True
Let s = -196 + 100. Is 13947/4 - 4*6/s a composite number?
True
Let o = -5 - -8. Suppose -59*r + 31 = -13 - 133. Suppose o*f + f - 5*w - 8197 = 0, -5*w - 6144 = -r*f. Is f a composite number?
False
Let o(n) = 306*n**3 + 4*n**2 - 18*n + 43. Is o(3) a composite number?
False
Let m(b) = 197*b - 20 + 8 + 4 - 16. Is m(7) a composite number?
True
Let c = 75826 + -53943. Is c prime?
False
Let d(v) = v**3 + 72*v**2 - 255*v - 267. Is d(-62) prime?
False
Suppose 0*j + 5*j - 5*o = 25, 0 = -5*j + 4*o + 29. Suppose 3*u - 6828 = -j*u. Suppose -2*g = -3*x + u, 2*x - 4*g = -2*x + 756. Is x composite?
False
Let f be -2*1*(-3)/2*11. Suppose 5*l + 6*l + f = 0. Is -838*((-1)/2)/(4 + l) prime?
True
Suppose -136*b + 86*b = -16587050. Is b a composite number?
True
Let p(q) = 1744*q**2 + 133*q - 14. Is p(-15) prime?
True
Let z(x) = -x**3 - 14*x**2 + x + 18. Let y be z(-14). Is ((-8782)/y)/(7/(-14)) a prime number?
True
Let g = 79738 - -31291. Is g a composite number?
False
Let n be -8*(9/(-6) - -2). Let v be 5/((-10)/n) + 3. Suppose v*t - 625 = -5*d, -5*d = -3*t + t - 639. Is d composite?
False
Suppose -629208 - 2636822 = -137*d + 43*d. Is d a prime number?
False
Suppose -34*o + 36*o - 79650 = -4*h, 4*o - 79648 = -4*h. Is h a prime number?
True
Let r be (171930/105 - -10) + (-3)/7. Suppose -2*g = -2*h - 6510, 3*g + h - 11396 = -r. Is g a composite number?
False
Is (-1)/((0 + -1)/(-108 - -15509)) a composite number?
False
Suppose 23*x + 8364 = 3*p + 26*x, 3*x = p - 2772. Suppose -5*v + 1601 = -p. Is v composite?
False
Let m = -56 + -6. Let i = m - -70. Is 7044/i*(-2)/(-3) + 0 composite?
False
Let n(z) = 2*z**2 - 12*z - 14. Let i(p) = p + 1. Let b(d) = 4*i(d) + n(d). Let m be b(5). Suppose 1060 = 2*x - m*x - 2*g, x = -2*g + 545. Is x composite?
True
Let d(q) = -110*q**3 + 18*q**2 + 44*q - 5. Is d(-3) prime?
False
Let f(n) = 5951*n + 169. Let u(y) = -744*y - 21. Let q(d) = -6*f(d) - 51*u(d). Is q(8) composite?
True
Let v = -1878 + 3352. Suppose a = -3*p + v, p + 979 = -3*a + 5393. Is a a prime number?
True
Let d(c) = -17*c - 25 - 17*c - 13 + 2*c. Is d(-12) a composite number?
True
Suppose -r + m = -226765, 4*r = -m + 196399 + 710631. Is r composite?
True
Let h = -6838 + 865. Is (-10 + 140/15)*h/2 a composite number?
True
Suppose 0 = 4*p - 186619 - 589549. Is p composite?
True
Suppose -v - 160845 = -4*w + 64252, -281370 = -5*w + v. Is w a composite number?
True
Let d = 6111 + -2617. Is d a composite number?
True
Let z(n) = 11247*n + 2. Let j(h) = 7*h + 29. Let t be j(-4). Is z(t) composite?
True
Let h be (4 + -4 - 3) + 16/2. Let i(k) = -292*k**2 - 9*k + 49. Let f be i(h). Is f/(-16) + (-1 - 4) a prime number?
False
Let y = -71 - -56. Let k(v) = -2*v - 28. Let n be k(y). Suppose 447 = n*i - 371. Is i prime?
True
Let t = 135536 + 436551. Is t a composite number?
False
Let d(m) be the first derivative of -11*m**4/24 + 4*m**3 - 13*m**2/2 + 2. Let l(w) be the second derivative of d(w). Is l(-11) prime?
False
Let z(b) = -7*b**2 + b + 10 + 2*b**2 - 4 - 192*b**3 + 5. Is z(-3) prime?
True
Let q be ((-122664)/285)/((-1)/(-5)). Let w = q + 5033. Is w composite?
True
Is ((-37)/((-5698)/(-1264516)))/(4/(-14)) a composite number?
True
Let v = -29545 + 67762. Is v a prime number?
False
Suppose -5*x + 5*o = -10, 2*x - 3*o + 5*o - 8 = 0. Let t(k) = 8*k - 16. Let p be t(x). Suppose n - 4*q = 97, -p = n - 3*q - 100. Is n composite?
True
Let h = -12 - -15. Let s(m) = -78*m - 16. Let o(p) = -235*p - 48. Let y(f) = h*o(f) - 8*s(f). Is y(-23) a composite number?
False
Suppose 41*r + 9472 = 1887. Let k = r - -970. Is k a composite number?
True
Let f = -151169 + 280952. Is f a prime number?
False
Suppose 4*f = -4*q + 7368, -7398 = -7*f + 3*f + 2*q. Is f a prime number?
True
Let t = -298 - -300. Suppose b - 4464 = -t*j - b, -5*j + 11195 = -2*b. Is j a composite number?
False
Suppose 28*x + 14 = 30*x. Suppose 0 = -3*g, -2*g - 9041 = -i - x*g. Is i prime?
True
Is ((-6695051)/44)/11*-4 composite?
False
Let r = 25 - 25. Suppose r = -j + 2*j - 187. Let k = 112 + j. Is k prime?
False
Suppose -4*r + 4*l = -312440, 0 = 31*r - 32*r - l + 78104. Is r a prime number?
False
Let t be 18/30 + (-1)/10*-58774. Let a = t - 4077. Is a composite?
False
Suppose 44*i = 3*i + 1389449. Is i prime?
True
Let p be 1/(-1) + -45 + -72. Suppose -3*u = -4*u - 2*o - 31, -3 = -3*o. Let m = u - p. Is m a composite number?
True
Let c(l) = 38*l**2 - 2*l + 35. Let x be c(13). Suppose w - a - 3198 = 0, -5*w = -3*w + 5*a - x. Is w prime?
True
Let c = -66 - -63. Let x be (c/2)/(7/(-2) - -3). Suppose -i - 4*j = -199, -4*i + 832 = x*j + j. Is i a prime number?
True
Let f(t) = -2*t**2 + t - 28. Let k be f(0). Is (k/6 + 1)*(-344 + -37) composite?
True
Suppose -1 = v, -10*z = -8*z - 5*v + 6803. Let i = z + 5145. Is i composite?
False
Let v(b) = 18*b - 22. Let y(p) = -18*p + 21. Let n(c) = 2*